igit of 1812997071?
2
What is the millions digit of 73474973?
3
What is the thousands digit of 217417655?
7
What is the thousands digit of 249076710?
6
What is the thousands digit of 510570211?
0
What is the billions digit of 1500614768?
1
What is the hundred thousands digit of 619683836?
6
What is the units digit of 20911224?
4
What is the hundreds digit of 468243289?
2
What is the tens digit of 244288597?
9
What is the hundred thousands digit of 1588775766?
7
What is the tens digit of 66240753?
5
What is the billions digit of 2753650060?
2
What is the thousands digit of 6436685248?
5
What is the tens digit of 25110930?
3
What is the billions digit of 4472121636?
4
What is the millions digit of 133542740?
3
What is the millions digit of 133898632?
3
What is the hundreds digit of 46958534?
5
What is the hundred millions digit of 742859016?
7
What is the thousands digit of 444803806?
3
What is the hundred thousands digit of 345092601?
0
What is the hundreds digit of 125974633?
6
What is the hundreds digit of 43063559?
5
What is the tens digit of 806745623?
2
What is the hundred millions digit of 292212551?
2
What is the hundred millions digit of 165564023?
1
What is the units digit of 279662783?
3
What is the hundred thousands digit of 83365843?
3
What is the ten thousands digit of 6572997657?
9
What is the ten millions digit of 800607571?
0
What is the hundred thousands digit of 67469721?
4
What is the ten thousands digit of 3664904931?
0
What is the tens digit of 332188979?
7
What is the ten thousands digit of 25052254?
5
What is the thousands digit of 103542236?
2
What is the millions digit of 151001412?
1
What is the millions digit of 707811159?
7
What is the hundred millions digit of 1037463003?
0
What is the tens digit of 48657895?
9
What is the hundred thousands digit of 1295722116?
7
What is the hundred thousands digit of 3171639965?
6
What is the millions digit of 1059699307?
9
What is the thousands digit of 1223875396?
5
What is the thousands digit of 117138637?
8
What is the hundreds digit of 1098126213?
2
What is the units digit of 476401888?
8
What is the hundred thousands digit of 3141517383?
5
What is the thousands digit of 8452206?
2
What is the hundreds digit of 346214853?
8
What is the hundreds digit of 24549073?
0
What is the hundred millions digit of 145141760?
1
What is the millions digit of 4763043387?
3
What is the hundred thousands digit of 33994316?
9
What is the hundred thousands digit of 94688409?
6
What is the hundred millions digit of 3034367339?
0
What is the hundred thousands digit of 236811536?
8
What is the ten thousands digit of 1386002996?
0
What is the ten millions digit of 4958633163?
5
What is the ten thousands digit of 199223813?
2
What is the ten thousands digit of 8515554?
1
What is the ten millions digit of 141031279?
4
What is the hundreds digit of 1086871738?
7
What is the tens digit of 7188063757?
5
What is the ten thousands digit of 2464752023?
5
What is the ten thousands digit of 384706876?
0
What is the hundreds digit of 45753732?
7
What is the millions digit of 205961635?
5
What is the hundreds digit of 303881988?
9
What is the ten thousands digit of 122118?
2
What is the thousands digit of 676039436?
9
What is the ten millions digit of 600263002?
0
What is the units digit of 1625179100?
0
What is the billions digit of 4409438218?
4
What is the ten millions digit of 32976812?
3
What is the tens digit of 19711419?
1
What is the ten millions digit of 55641780?
5
What is the hundred millions digit of 432167485?
4
What is the hundred thousands digit of 45608223?
6
What is the hundreds digit of 58265761?
7
What is the millions digit of 468677793?
8
What is the hundreds digit of 22328201?
2
What is the units digit of 156852223?
3
What is the units digit of 2545377485?
5
What is the units digit of 4536330809?
9
What is the units digit of 791797088?
8
What is the units digit of 146267838?
8
What is the hundreds digit of 1314777065?
0
What is the tens digit of 123699311?
1
What is the hundreds digit of 144325574?
5
What is the units digit of 87888911?
1
What is the hundred thousands digit of 27189052?
1
What is the units digit of 705675010?
0
What is the tens digit of 7293108719?
1
What is the units digit of 2124435691?
1
What is the ten thousands digit of 2732896213?
9
What is the hundred thousands digit of 43528554?
5
What is the thousands digit of 54430673?
0
What is the ten millions digit of 3040314291?
4
What is the tens digit of 831932131?
3
What is the ten thousands digit of 37354020?
5
What is the millions digit of 282010176?
2
What is the thousands digit of 784379556?
9
What is the millions digit of 179504463?
9
What is the hundred thousands digit of 485238647?
2
What is the billions digit of 3197948243?
3
What is the millions digit of 14708921?
4
What is the millions digit of 30507081?
0
What is the tens digit of 363565119?
1
What is the hundreds digit of 18134083?
0
What is the millions digit of 46793618?
6
What is the hundred millions digit of 5453303429?
4
What is the hundred millions digit of 2044135195?
0
What is the ten millions digit of 41257247?
4
What is the ten thousands digit of 78427515?
2
What is the ten millions digit of 807359522?
0
What is the tens digit of 1553942771?
7
What is the ten millions digit of 305389808?
0
What is the units digit of 54504707?
7
What is the hundred thousands digit of 160672251?
6
What is the ten millions digit of 494038737?
9
What is the hundred thousands digit of 53225918?
2
What is the ten millions digit of 154568912?
5
What is the hundred thousands digit of 607900812?
9
What is the units digit of 675376510?
0
What is the hundred thousands digit of 340590945?
5
What is the hundred millions digit of 153388104?
1
What is the tens digit of 453315219?
1
What is the hundreds digit of 115229769?
7
What is the thousands digit of 582925132?
5
What is the hundred thousands digit of 1013400480?
4
What is the units digit of 42462515?
5
What is the tens digit of 973112321?
2
What is the thousands digit of 803031841?
1
What is the millions digit of 427921575?
7
What is the tens digit of 3828066230?
3
What is the ten thousands digit of 410335953?
3
What is the units digit of 46624472?
2
What is the thousands digit of 622818366?
8
What is the hundred millions digit of 124666865?
1
What is the ten millions digit of 94668525?
9
What is the billions digit of 1273651094?
1
What is the ten millions digit of 502344098?
0
What is the units digit of 30701251?
1
What is the tens digit of 1779994234?
3
What is the ten thousands digit of 3972844890?
4
What is the ten thousands digit of 655229847?
2
What is the ten millions digit of 1016657742?
1
What is the thousands digit of 108782069?
2
What is the hundred thousands digit of 569259650?
2
What is the hundreds digit of 17898286?
2
What is the thousands digit of 757985696?
5
What is the hundred thousands digit of 20999354?
9
What is the millions digit of 4634096423?
4
What is the hundred millions digit of 723667331?
7
What is the hundreds digit of 1510248558?
5
What is the ten thousands digit of 1091780856?
8
What is the millions digit of 1470259207?
0
What is the units digit of 393176748?
8
What is the hundreds digit of 35317890?
8
What is the hundred millions digit of 145714494?
1
What is the millions digit of 121902885?
1
What is the millions digit of 160293376?
0
What is the billions digit of 2592382207?
2
What is the hundreds digit of 116315657?
6
What is the hundreds digit of 57870268?
2
What is the units digit of 50895799?
9
What is the thousands digit of 113049472?
9
What is the millions digit of 366515892?
6
What is the hundreds digit of 451032150?
1
What is the hundred thousands digit of 211472528?
4
What is the hundreds digit of 7833651097?
0
What is the hundreds digit of 413370517?
5
What is the units digit of 63085466?
6
What is the units digit of 19416983?
3
What is the millions digit of 76661955?
6
What is the units digit of 2286621743?
3
What is the hundred thousands digit of 633367040?
3
What is the thousands digit of 15975396?
5
What is the ten millions digit of 10649429?
1
What is the ten thousands digit of 755843297?
4
What is the tens digit of 35589059?
5
What is the units digit of 192513141?
1
What is